{"id":4963,"date":"2015-09-08T11:16:58","date_gmt":"2015-09-08T09:16:58","guid":{"rendered":"http:\/\/www.uldry.ch\/fr\/?page_id=4963"},"modified":"2020-07-17T10:41:58","modified_gmt":"2020-07-17T08:41:58","slug":"portrait","status":"publish","type":"page","link":"https:\/\/uldry-gallery.ch\/fr\/portrait\/","title":{"rendered":"Portrait"},"content":{"rendered":"","protected":false},"excerpt":{"rendered":"","protected":false},"author":5,"featured_media":0,"parent":0,"menu_order":10,"comment_status":"closed","ping_status":"closed","template":"","meta":{"_acf_changed":false,"_seopress_robots_primary_cat":"","_seopress_titles_title":"","_seopress_titles_desc":"Quand il p\u00e9n\u00e8tre dans les locaux, une autre \u00e9vidence lui saute aux yeux: c\u2019est ici un haut lieu de la culture et de l\u2019art de l\u2019impression d\u2019affichage.","_seopress_robots_index":"","footnotes":""},"class_list":["post-4963","page","type-page","status-publish","hentry"],"acf":[],"_links":{"self":[{"href":"https:\/\/uldry-gallery.ch\/fr\/wp-json\/wp\/v2\/pages\/4963","targetHints":{"allow":["GET"]}}],"collection":[{"href":"https:\/\/uldry-gallery.ch\/fr\/wp-json\/wp\/v2\/pages"}],"about":[{"href":"https:\/\/uldry-gallery.ch\/fr\/wp-json\/wp\/v2\/types\/page"}],"author":[{"embeddable":true,"href":"https:\/\/uldry-gallery.ch\/fr\/wp-json\/wp\/v2\/users\/5"}],"replies":[{"embeddable":true,"href":"https:\/\/uldry-gallery.ch\/fr\/wp-json\/wp\/v2\/comments?post=4963"}],"version-history":[{"count":0,"href":"https:\/\/uldry-gallery.ch\/fr\/wp-json\/wp\/v2\/pages\/4963\/revisions"}],"wp:attachment":[{"href":"https:\/\/uldry-gallery.ch\/fr\/wp-json\/wp\/v2\/media?parent=4963"}],"curies":[{"name":"wp","href":"https:\/\/api.w.org\/{rel}","templated":true}]}}

Quand il pénètre dans les locaux, une autre évidence lui saute aux yeux: c’est ici un haut lieu de la culture et de l’art de l’impression d’affichage.
